et n = 1120 + -1120. What is the tens digit of (3 - (4 + n))*c?
2
Let m(y) = 237*y - 17. Let a be m(3). Suppose -4*v = -5*p + 3*p - a, -4*p = -v + 1360. Let i = p + 557. What is the hundreds digit of i?
2
Suppose i + 2*t + 3 = 0, 3*i - 7*t = -4*t + 27. Suppose i*u = -3*d + 1464, 3*u + u + 2477 = 5*d. What is the tens digit of d?
9
Suppose -2*l = 5*r + 26270, -5*r + l - 26270 = 4*l. What is the units digit of (24/6)/16 + r/(-8)?
7
Suppose -4*m - 5*h = 66, 0 = h + 1 + 1. Let v = 80 + m. Suppose -n = 3*l + l - 67, n - v = -3*l. What is the units digit of n?
3
Let i(c) = -c**3 + 6*c**2 + 7*c - 10. Let q(d) = d**2 - 5*d + 1. Let t be q(6). Let b be i(t). What is the tens digit of (-105)/b*(0 - -2)?
2
Let u be (1/(8/8))/((-2)/2). What is the units digit of u/2 - (-1498)/28?
3
Suppose c + 3*m = -m + 3, c + 2*m = -1. Let g(j) = -156*j - 107. What is the hundreds digit of g(c)?
6
Let k be 0/(-2) - (-2 + 8). Let q(d) = -2 - 31 - 4*d - 17*d. What is the tens digit of q(k)?
9
Suppose 5*p = 5*h - 313 + 3358, 4*h + 1828 = 3*p. Suppose -2*z - 4*x + p = 0, -8*z - 5*x + 909 = -5*z. What is the units digit of z?
8
Let s(f) = 6*f + 25 + 0 + 3*f - 4*f. Let j be s(-5). Suppose j = 3*q + y - 453, -4*y = 5*q - 10*q + 772. What is the tens digit of q?
5
What is the tens digit of 3 - ((-1)/(-2))/((-15)/96030)?
0
Suppose 2*h - 3*h - 2*q = -12, q - 12 = -h. Let v be 1 + 0 - (h - 9) - -17. What is the tens digit of (39/v - (-8)/20)*5?
1
Let l = 771 + -772. What is the hundreds digit of (-42)/(l + -5) + 2029?
0
Suppose 3*s - 4*z - 87 - 35 = 0, 5*s + 4*z = 246. Suppose -s*j - 455 = -41*j. Let q = j - -99. What is the units digit of q?
8
Suppose 5*w + 918 = 4*h + 3882, 3*h = 4*w - 2224. Let u = h - -1376. Suppose -u = -4*x - x. What is the units digit of x?
8
Let k(d) = 815*d - 6741. What is the thousands digit of k(61)?
2
Let m = 37896 - 18659. What is the tens digit of m?
3
Suppose -4*s + 4 = 2*j, 0*s - 11 = -3*j - s. Let y = -79 + j. Let t = 201 + y. What is the tens digit of t?
2
Let r(y) = -324*y + 933. What is the tens digit of r(-34)?
4
Let r = 15915 - 8344. What is the hundreds digit of r?
5
Suppose 6*c + 3*x - 9 = 8*c, 4*c - 5*x = -15. Suppose 3*r = r - 3*u + 1328, -r + 4*u + 664 = c. What is the tens digit of r?
6
Let p be (-16)/(-14)*(-91)/(-26). Suppose d - p*f + 4 = -d, 19 = d + 5*f. Suppose 3*x + 44 = 3*b - 49, d*x - 107 = -3*b. What is the tens digit of b?
3
Let d(j) = 2*j**2 - 214*j + 634. What is the units digit of d(160)?
4
Let d be (4 - (-11)/(-3))*207. Suppose -d*n = -72*n + 567. What is the hundreds digit of n?
1
Let w = -1535 - -3347. Suppose 8*t = 12*t - 2*v - w, 3*v = 5*t - 2264. What is the hundreds digit of t?
4
Let d(x) = 4342*x - 1928. What is the hundreds digit of d(7)?
4
Let y(n) = -943*n + 1344. What is the units digit of y(-53)?
3
Suppose 0 = 9*d - 6*d + 801. Let s be d/(-4) + ((-10)/(-8))/5. Suppose -j + 5*x + 81 = 0, -2*j - s + 256 = -x. What is the tens digit of j?
9
Let n = -2647 + 1225. What is the tens digit of ((-1 - 1) + 1)*(n - -5)?
1
Let q = -7605 - -7591. Let m(x) = 10*x + 1 + 29*x**2 - 2*x**3 + 2*x**3 + 2*x**3. What is the tens digit of m(q)?
5
Suppose -4*f + 223353 = 85681. What is the thousands digit of f?
4
Suppose -i = p - 41623, -4*i - 3*p + 139013 + 27473 = 0. What is the thousands digit of i?
1
Let g(u) = u**3 + u + 8. Let f be g(0). Suppose -2*p + f = -2. Suppose 55 = s + j - p, -56 = -s + j. What is the units digit of s?
8
Let f be ((-120)/18 + 4)*204/8. Suppose 0 = -q + 2*m - 100 - 52, q + 150 = 4*m. Let c = f - q. What is the units digit of c?
6
Let q = -14057 + 22926. What is the units digit of q?
9
Let i(c) = 274*c - 163. Let h be i(7). Let s = -1098 + h. What is the units digit of s?
7
Suppose -4*f - 3*f = 7. Let v be (f + 1)*2/(-4). Suppose c - 4*p - 82 = v, 0 = -0*c + 2*c - p - 171. What is the tens digit of c?
8
Let z(y) = -146*y - 11. Let d = -138 - -134. Let g be z(d). Suppose -3*p + 3*s + g = 0, -713 - 226 = -5*p + s. What is the hundreds digit of p?
1
Let d(t) = 5980*t + 714. What is the units digit of d(2)?
4
What is the thousands digit of (15/6)/((-1)/2) + 2407?
2
What is the tens digit of 8 + (-1344)/160 - (-2594)/10?
5
Let g = -862 - -856. What is the tens digit of (-2*g/(-4))/((-6)/1082)?
4
Let c = -401 + 188. Let j = 216 + c. What is the units digit of j?
3
Let r(f) = 51*f**2 - 44*f + 118. What is the units digit of r(7)?
9
Let s(m) = 38*m**2 + 84*m + 526. What is the ten thousands digit of s(-21)?
1
Suppose -2*g + 5*s - 19 = 0, -2*s + 5 = 5*g - 4*s. Suppose -222 - 2652 = -g*i. What is the tens digit of i?
5
Suppose -2*m = -10, 0 = 3*q + 3*m - 29909 + 9848. What is the thousands digit of q?
6
Let s(z) = -235*z**2 - 5*z + 5. Let b be s(4). Let c = -2634 - b. What is the units digit of c?
1
Let n = 228649 - 144623. What is the tens digit of n?
2
Let j(x) = 479*x - 1621. What is the ten thousands digit of j(26)?
1
Let l(q) = -59*q. Let m be l(1). Let b(g) = 32*g - 288. Let j be b(5). Let w = m - j. What is the tens digit of w?
6
Let l = -13745 + 57957. What is the ten thousands digit of l?
4
Suppose 0 = 2*j - o, 3 = -2*o + 7. What is the units digit of 35*j - 8/(-2)?
9
What is the hundreds digit of 4872/1 + (15 - 23)?
8
Let o(i) be the third derivative of -17*i**4/24 - 11*i**3/6 + 308*i**2. Let c = 4 + -7. What is the units digit of o(c)?
0
Suppose 0*p - 1527 = -p + k, -4*k = p - 1532. Suppose -5*x - 3881 = -4*w - 797, x - p = -2*w. What is the units digit of w?
6
Let k(r) = 8*r**2 + 10*r - 2*r - 3*r**3 - 6 + 3*r + 4*r**3. Let i be k(-6). Suppose i = j + h - 38, -4*j - h = h - 156. What is the units digit of j?
0
What is the thousands digit of 22058380/1012 - ((-16)/44)/2?
1
Suppose -29*g - 72488 = -734036. What is the tens digit of g?
1
Suppose 5*o - w = 328001, -4*w + 8108 = 4*o - 254264. What is the tens digit of o?
9
Let z be (3/(-2))/(3/(-8)). Let q(l) = 4*l**3 - 5*l**2 + 5*l. Let t be q(z). Suppose 4*n - 6*n = -t. What is the units digit of n?
8
Let q = 21338 - 5699. What is the thousands digit of q?
5
Suppose 1158 = -8*f - 90. Let l = -52 - f. What is the tens digit of l?
0
Suppose -206881 = -28*a + 50853 + 76390. What is the ten thousands digit of a?
1
Suppose n - 1 - 4 = 0, -5*r - 3*n + 5 = 0. Let m = r - -8. Suppose -2*c + 10 = m. What is the units digit of c?
2
Let o(w) = -13*w**3 - 2*w**2 - 2. Suppose 3*a = -k + 15, a + 2 = -k + 5. Suppose b - 4*b - 10 = u, u - a = 5*b. What is the units digit of o(b)?
4
Let o = -1384 + 940. Let h = -221 - o. What is the units digit of h?
3
What is the units digit of 7 - 23 - (-10775 - -58)?
1
Let g(j) = -27*j - 48. Suppose -4*s = 5*x + 90, -54 = 2*s - x - 16. What is the hundreds digit of g(s)?
4
Let u = -38 - -40. Let c be (-5)/u*(-42)/15. Suppose 0*t - c*t = -819. What is the hundreds digit of t?
1
Let o = -43 - -47. Let r(u) = 2*u + 8. Let h be r(o). Let c(m) = 3*m - 18. What is the units digit of c(h)?
0
Suppose 25*w - 129 = 21. Suppose -4*k = 3*b - 411, 0 = -5*k + w*k + 4*b - 119. What is the tens digit of k?
9
Suppose i + 2*y - 11402 = 0, -14*i - 4*y = -19*i + 56996. Suppose 15*f = -0*f + i. What is the tens digit of f?
6
Suppose -340 = -4*x + 308. Let o be ((-70)/42)/((-2)/(-126)). Let j = x + o. What is the tens digit of j?
5
Suppose -7*z = -434 + 147. Let s = -37 + z. Suppose 0 = 3*k - q - 203, -s*q - 137 = -2*k - 3*q. What is the tens digit of k?
6
Let f(u) = 307*u + 71. What is the thousands digit of f(16)?
4
Let n be 3 - (1 - (3 - -42)). Let t = n + -43. Suppose -j = -5*u + 2*j + 96, -2*j = t*u - 90. What is the units digit of u?
1
Suppose -19 + 266 = -a. Let t = a - -543. Let b = -193 + t. What is the units digit of b?
3
Let i(t) = 16*t + 34. Let c = -33 - 55. Let w = -79 - c. What is the tens digit of i(w)?
7
Let y(n) = 441*n + 5594. What is the thousands digit of y(0)?
5
Let p be 4428/(-30) - 6/(-10). Let o = -33 - p. What is the hundreds digit of o?
1
Suppose -6*f - 93 = -5*f. Let a be (-10)/15*-9 - 164. Let u = f - a. What is the tens digit of u?
6
Let i = 5722 - -14327. What is the units digit of i?
9
Let p(j) = 29*j**2 + 56*j - 1438. What is the tens digit of p(-19)?
6
Let s = 143 + -217. Let m = s + 77. Suppose 2*f + 11 - 1 = 0, 4*q = m*f + 867. What is the tens digit of q?
1
Suppose 5*j + 13061 - 53316 = -4*g, -g + 2*j + 10067 = 0. Wha